{"id":4231,"date":"2020-11-30T17:32:57","date_gmt":"2020-11-30T17:32:57","guid":{"rendered":"https:\/\/eduardorojasarquitectura.com\/eduardo-rojas-arquitectura\/"},"modified":"2024-11-01T17:37:32","modified_gmt":"2024-11-01T17:37:32","slug":"eduardo-rojas-arquitectura","status":"publish","type":"page","link":"https:\/\/eduardorojasarquitectura.com\/en\/eduardo-rojas-arquitectura\/","title":{"rendered":"About Us"},"content":{"rendered":"<p>Since its founding in 1992, Eduardo Rojas Arquitectura has developed building, urban planning, and landscaping projects, both public and private, including some of significant importance and scale, such as the renovation of the Parque del Oeste in M\u00e1laga.<\/p>\n<p>Each project is grounded in thorough research and conceptualization, aligned with the vision that Eduardo Rojas advocates as a professor of Architectural Projects at the School of Architecture in M\u00e1laga. This comprehensive vision approaches the environment in a way that challenges disciplinary boundaries, prioritizing integration over separation.<\/p>\n<p>Committed to each client, we foster lasting relationships based on mutual trust. We provide customized solutions that meet the specific objectives of each client while efficiently managing projects with official organizations.<\/p>\n<p>The works of Dr. architect Eduardo Rojas have been recognized and published in various specialized media and have received numerous awards and distinctions. Among these are the ACCIONA award in the competition for the construction of ecological housing, the urban planning award granted by the City Council of M\u00e1laga for the Special Plan of La Ara\u00f1a, the second prize in the competition for the expansion of the Archconfraternity of the Expiration in M\u00e1laga, and honorary mentions from the M\u00e1laga College of Architects during their award ceremonies.<\/p>\n<p><a href=\"https:\/\/eduardorojasarquitectura.com\/wp-content\/uploads\/2021\/03\/2021cv-eduardo-rojas-arquitectura-es.pdf\" target=\"_blank\" rel=\"noopener\">Curriculum Vitae<\/a><\/p>\n","protected":false},"excerpt":{"rendered":"<p>Since its founding in 1992, Eduardo Rojas Arquitectura has developed building, urban planning, and landscaping projects, both public and private, including some of significant importance and scale, such as the renovation of the Parque del Oeste in M\u00e1laga. Each project is grounded in thorough research and conceptualization, aligned with the vision that Eduardo Rojas advocates &hellip;<\/p>\n","protected":false},"author":1,"featured_media":1028,"parent":0,"menu_order":3,"comment_status":"closed","ping_status":"closed","template":"views\/template-about.blade.php","meta":{"footnotes":""},"class_list":["post-4231","page","type-page","status-publish","has-post-thumbnail","hentry"],"yoast_head":"<!-- This site is optimized with the Yoast SEO plugin v27.5 - https:\/\/yoast.com\/product\/yoast-seo-wordpress\/ -->\n<title>About Us - Eduardo Rojas Arquitectura<\/title>\n<meta name=\"description\" content=\"Estudio de arquitectura localizado en M\u00e1laga con m\u00e1s de 25 a\u00f1os de experiencia en proyectos de edificaci\u00f3n, urbanismo y paisaje.\" \/>\n<meta name=\"robots\" content=\"index, follow, max-snippet:-1, max-image-preview:large, max-video-preview:-1\" \/>\n<link rel=\"canonical\" href=\"https:\/\/eduardorojasarquitectura.com\/en\/eduardo-rojas-arquitectura\/\" \/>\n<meta property=\"og:locale\" content=\"en_US\" \/>\n<meta property=\"og:type\" content=\"article\" \/>\n<meta property=\"og:title\" content=\"About Us - Eduardo Rojas Arquitectura\" \/>\n<meta property=\"og:description\" content=\"Estudio de arquitectura localizado en M\u00e1laga con m\u00e1s de 25 a\u00f1os de experiencia en proyectos de edificaci\u00f3n, urbanismo y paisaje.\" \/>\n<meta property=\"og:url\" content=\"https:\/\/eduardorojasarquitectura.com\/en\/eduardo-rojas-arquitectura\/\" \/>\n<meta property=\"og:site_name\" content=\"Eduardo Rojas Arquitectura\" \/>\n<meta property=\"article:modified_time\" content=\"2024-11-01T17:37:32+00:00\" \/>\n<meta property=\"og:image\" content=\"https:\/\/eduardorojasarquitectura.com\/wp-content\/uploads\/2021\/01\/IMG_0404ok.jpg\" \/>\n\t<meta property=\"og:image:width\" content=\"800\" \/>\n\t<meta property=\"og:image:height\" content=\"1000\" \/>\n\t<meta property=\"og:image:type\" content=\"image\/jpeg\" \/>\n<meta name=\"twitter:card\" content=\"summary_large_image\" \/>\n<meta name=\"twitter:label1\" content=\"Est. reading time\" \/>\n\t<meta name=\"twitter:data1\" content=\"1 minute\" \/>\n<script type=\"application\/ld+json\" class=\"yoast-schema-graph\">{\"@context\":\"https:\\\/\\\/schema.org\",\"@graph\":[{\"@type\":\"WebPage\",\"@id\":\"https:\\\/\\\/eduardorojasarquitectura.com\\\/en\\\/eduardo-rojas-arquitectura\\\/\",\"url\":\"https:\\\/\\\/eduardorojasarquitectura.com\\\/en\\\/eduardo-rojas-arquitectura\\\/\",\"name\":\"About Us - Eduardo Rojas Arquitectura\",\"isPartOf\":{\"@id\":\"https:\\\/\\\/eduardorojasarquitectura.com\\\/en\\\/#website\"},\"primaryImageOfPage\":{\"@id\":\"https:\\\/\\\/eduardorojasarquitectura.com\\\/en\\\/eduardo-rojas-arquitectura\\\/#primaryimage\"},\"image\":{\"@id\":\"https:\\\/\\\/eduardorojasarquitectura.com\\\/en\\\/eduardo-rojas-arquitectura\\\/#primaryimage\"},\"thumbnailUrl\":\"https:\\\/\\\/eduardorojasarquitectura.com\\\/wp-content\\\/uploads\\\/2021\\\/01\\\/IMG_0404ok.jpg\",\"datePublished\":\"2020-11-30T17:32:57+00:00\",\"dateModified\":\"2024-11-01T17:37:32+00:00\",\"description\":\"Estudio de arquitectura localizado en M\u00e1laga con m\u00e1s de 25 a\u00f1os de experiencia en proyectos de edificaci\u00f3n, urbanismo y paisaje.\",\"breadcrumb\":{\"@id\":\"https:\\\/\\\/eduardorojasarquitectura.com\\\/en\\\/eduardo-rojas-arquitectura\\\/#breadcrumb\"},\"inLanguage\":\"en-US\",\"potentialAction\":[{\"@type\":\"ReadAction\",\"target\":[\"https:\\\/\\\/eduardorojasarquitectura.com\\\/en\\\/eduardo-rojas-arquitectura\\\/\"]}]},{\"@type\":\"ImageObject\",\"inLanguage\":\"en-US\",\"@id\":\"https:\\\/\\\/eduardorojasarquitectura.com\\\/en\\\/eduardo-rojas-arquitectura\\\/#primaryimage\",\"url\":\"https:\\\/\\\/eduardorojasarquitectura.com\\\/wp-content\\\/uploads\\\/2021\\\/01\\\/IMG_0404ok.jpg\",\"contentUrl\":\"https:\\\/\\\/eduardorojasarquitectura.com\\\/wp-content\\\/uploads\\\/2021\\\/01\\\/IMG_0404ok.jpg\",\"width\":800,\"height\":1000,\"caption\":\"Eduardo Rojas Arquitectura\"},{\"@type\":\"BreadcrumbList\",\"@id\":\"https:\\\/\\\/eduardorojasarquitectura.com\\\/en\\\/eduardo-rojas-arquitectura\\\/#breadcrumb\",\"itemListElement\":[{\"@type\":\"ListItem\",\"position\":1,\"name\":\"Portada\",\"item\":\"https:\\\/\\\/eduardorojasarquitectura.com\\\/en\\\/\"},{\"@type\":\"ListItem\",\"position\":2,\"name\":\"About Us\"}]},{\"@type\":\"WebSite\",\"@id\":\"https:\\\/\\\/eduardorojasarquitectura.com\\\/en\\\/#website\",\"url\":\"https:\\\/\\\/eduardorojasarquitectura.com\\\/en\\\/\",\"name\":\"Eduardo Rojas Arquitectura\",\"description\":\"Eduardo Rojas Dr. Arquitecto - Estudio Rojas - Eduardo Rojas Moyano\",\"potentialAction\":[{\"@type\":\"SearchAction\",\"target\":{\"@type\":\"EntryPoint\",\"urlTemplate\":\"https:\\\/\\\/eduardorojasarquitectura.com\\\/en\\\/?s={search_term_string}\"},\"query-input\":{\"@type\":\"PropertyValueSpecification\",\"valueRequired\":true,\"valueName\":\"search_term_string\"}}],\"inLanguage\":\"en-US\"}]}<\/script>\n<!-- \/ Yoast SEO plugin. -->","yoast_head_json":{"title":"About Us - Eduardo Rojas Arquitectura","description":"Estudio de arquitectura localizado en M\u00e1laga con m\u00e1s de 25 a\u00f1os de experiencia en proyectos de edificaci\u00f3n, urbanismo y paisaje.","robots":{"index":"index","follow":"follow","max-snippet":"max-snippet:-1","max-image-preview":"max-image-preview:large","max-video-preview":"max-video-preview:-1"},"canonical":"https:\/\/eduardorojasarquitectura.com\/en\/eduardo-rojas-arquitectura\/","og_locale":"en_US","og_type":"article","og_title":"About Us - Eduardo Rojas Arquitectura","og_description":"Estudio de arquitectura localizado en M\u00e1laga con m\u00e1s de 25 a\u00f1os de experiencia en proyectos de edificaci\u00f3n, urbanismo y paisaje.","og_url":"https:\/\/eduardorojasarquitectura.com\/en\/eduardo-rojas-arquitectura\/","og_site_name":"Eduardo Rojas Arquitectura","article_modified_time":"2024-11-01T17:37:32+00:00","og_image":[{"width":800,"height":1000,"url":"https:\/\/eduardorojasarquitectura.com\/wp-content\/uploads\/2021\/01\/IMG_0404ok.jpg","type":"image\/jpeg"}],"twitter_card":"summary_large_image","twitter_misc":{"Est. reading time":"1 minute"},"schema":{"@context":"https:\/\/schema.org","@graph":[{"@type":"WebPage","@id":"https:\/\/eduardorojasarquitectura.com\/en\/eduardo-rojas-arquitectura\/","url":"https:\/\/eduardorojasarquitectura.com\/en\/eduardo-rojas-arquitectura\/","name":"About Us - Eduardo Rojas Arquitectura","isPartOf":{"@id":"https:\/\/eduardorojasarquitectura.com\/en\/#website"},"primaryImageOfPage":{"@id":"https:\/\/eduardorojasarquitectura.com\/en\/eduardo-rojas-arquitectura\/#primaryimage"},"image":{"@id":"https:\/\/eduardorojasarquitectura.com\/en\/eduardo-rojas-arquitectura\/#primaryimage"},"thumbnailUrl":"https:\/\/eduardorojasarquitectura.com\/wp-content\/uploads\/2021\/01\/IMG_0404ok.jpg","datePublished":"2020-11-30T17:32:57+00:00","dateModified":"2024-11-01T17:37:32+00:00","description":"Estudio de arquitectura localizado en M\u00e1laga con m\u00e1s de 25 a\u00f1os de experiencia en proyectos de edificaci\u00f3n, urbanismo y paisaje.","breadcrumb":{"@id":"https:\/\/eduardorojasarquitectura.com\/en\/eduardo-rojas-arquitectura\/#breadcrumb"},"inLanguage":"en-US","potentialAction":[{"@type":"ReadAction","target":["https:\/\/eduardorojasarquitectura.com\/en\/eduardo-rojas-arquitectura\/"]}]},{"@type":"ImageObject","inLanguage":"en-US","@id":"https:\/\/eduardorojasarquitectura.com\/en\/eduardo-rojas-arquitectura\/#primaryimage","url":"https:\/\/eduardorojasarquitectura.com\/wp-content\/uploads\/2021\/01\/IMG_0404ok.jpg","contentUrl":"https:\/\/eduardorojasarquitectura.com\/wp-content\/uploads\/2021\/01\/IMG_0404ok.jpg","width":800,"height":1000,"caption":"Eduardo Rojas Arquitectura"},{"@type":"BreadcrumbList","@id":"https:\/\/eduardorojasarquitectura.com\/en\/eduardo-rojas-arquitectura\/#breadcrumb","itemListElement":[{"@type":"ListItem","position":1,"name":"Portada","item":"https:\/\/eduardorojasarquitectura.com\/en\/"},{"@type":"ListItem","position":2,"name":"About Us"}]},{"@type":"WebSite","@id":"https:\/\/eduardorojasarquitectura.com\/en\/#website","url":"https:\/\/eduardorojasarquitectura.com\/en\/","name":"Eduardo Rojas Arquitectura","description":"Eduardo Rojas Dr. Arquitecto - Estudio Rojas - Eduardo Rojas Moyano","potentialAction":[{"@type":"SearchAction","target":{"@type":"EntryPoint","urlTemplate":"https:\/\/eduardorojasarquitectura.com\/en\/?s={search_term_string}"},"query-input":{"@type":"PropertyValueSpecification","valueRequired":true,"valueName":"search_term_string"}}],"inLanguage":"en-US"}]}},"_links":{"self":[{"href":"https:\/\/eduardorojasarquitectura.com\/en\/wp-json\/wp\/v2\/pages\/4231","targetHints":{"allow":["GET"]}}],"collection":[{"href":"https:\/\/eduardorojasarquitectura.com\/en\/wp-json\/wp\/v2\/pages"}],"about":[{"href":"https:\/\/eduardorojasarquitectura.com\/en\/wp-json\/wp\/v2\/types\/page"}],"author":[{"embeddable":true,"href":"https:\/\/eduardorojasarquitectura.com\/en\/wp-json\/wp\/v2\/users\/1"}],"replies":[{"embeddable":true,"href":"https:\/\/eduardorojasarquitectura.com\/en\/wp-json\/wp\/v2\/comments?post=4231"}],"version-history":[{"count":1,"href":"https:\/\/eduardorojasarquitectura.com\/en\/wp-json\/wp\/v2\/pages\/4231\/revisions"}],"predecessor-version":[{"id":4232,"href":"https:\/\/eduardorojasarquitectura.com\/en\/wp-json\/wp\/v2\/pages\/4231\/revisions\/4232"}],"wp:featuredmedia":[{"embeddable":true,"href":"https:\/\/eduardorojasarquitectura.com\/en\/wp-json\/wp\/v2\/media\/1028"}],"wp:attachment":[{"href":"https:\/\/eduardorojasarquitectura.com\/en\/wp-json\/wp\/v2\/media?parent=4231"}],"curies":[{"name":"wp","href":"https:\/\/api.w.org\/{rel}","templated":true}]}}

<p>Since its founding in 1992, Eduardo Rojas Arquitectura has developed building, urban planning, and landscaping projects, both public and private, including some of significant importance and scale, such as the renovation of the Parque del Oeste in Málaga.</p>
<p>Each project is grounded in thorough research and conceptualization, aligned with the vision that Eduardo Rojas advocates as a professor of Architectural Projects at the School of Architecture in Málaga. This comprehensive vision approaches the environment in a way that challenges disciplinary boundaries, prioritizing integration over separation.</p>
<p>Committed to each client, we foster lasting relationships based on mutual trust. We provide customized solutions that meet the specific objectives of each client while efficiently managing projects with official organizations.</p>
<p>The works of Dr. architect Eduardo Rojas have been recognized and published in various specialized media and have received numerous awards and distinctions. Among these are the ACCIONA award in the competition for the construction of ecological housing, the urban planning award granted by the City Council of Málaga for the Special Plan of La Araña, the second prize in the competition for the expansion of the Archconfraternity of the Expiration in Málaga, and honorary mentions from the Málaga College of Architects during their award ceremonies.</p>
<p><a href="https://eduardorojasarquitectura.com/wp-content/uploads/2021/03/2021cv-eduardo-rojas-arquitectura-es.pdf" target="_blank" rel="noopener">Curriculum Vitae</a></p>

<p>Since its founding in 1992, Eduardo Rojas Arquitectura has developed building, urban planning, and landscaping projects, both public and private, including some of significant importance and scale, such as the renovation of the Parque del Oeste in Málaga. Each project is grounded in thorough research and conceptualization, aligned with the vision that Eduardo Rojas advocates &hellip;</p>

<!-- This site is optimized with the Yoast SEO plugin v27.5 - https://yoast.com/product/yoast-seo-wordpress/ -->
<title>About Us - Eduardo Rojas Arquitectura</title>
<meta name="description" content="Estudio de arquitectura localizado en Málaga con más de 25 años de experiencia en proyectos de edificación, urbanismo y paisaje." />
<meta name="robots" content="index, follow, max-snippet:-1, max-image-preview:large, max-video-preview:-1" />
<link rel="canonical" href="https://eduardorojasarquitectura.com/en/eduardo-rojas-arquitectura/" />
<meta property="og:locale" content="en_US" />
<meta property="og:type" content="article" />
<meta property="og:title" content="About Us - Eduardo Rojas Arquitectura" />
<meta property="og:description" content="Estudio de arquitectura localizado en Málaga con más de 25 años de experiencia en proyectos de edificación, urbanismo y paisaje." />
<meta property="og:url" content="https://eduardorojasarquitectura.com/en/eduardo-rojas-arquitectura/" />
<meta property="og:site_name" content="Eduardo Rojas Arquitectura" />
<meta property="article:modified_time" content="2024-11-01T17:37:32+00:00" />
<meta property="og:image" content="https://eduardorojasarquitectura.com/wp-content/uploads/2021/01/IMG_0404ok.jpg" />
	<meta property="og:image:width" content="800" />
	<meta property="og:image:height" content="1000" />
	<meta property="og:image:type" content="image/jpeg" />
<meta name="twitter:card" content="summary_large_image" />
<meta name="twitter:label1" content="Est. reading time" />
	<meta name="twitter:data1" content="1 minute" />
<script type="application/ld+json" class="yoast-schema-graph">{"@context":"https:\/\/schema.org","@graph":[{"@type":"WebPage","@id":"https:\/\/eduardorojasarquitectura.com\/en\/eduardo-rojas-arquitectura\/","url":"https:\/\/eduardorojasarquitectura.com\/en\/eduardo-rojas-arquitectura\/","name":"About Us - Eduardo Rojas Arquitectura","isPartOf":{"@id":"https:\/\/eduardorojasarquitectura.com\/en\/#website"},"primaryImageOfPage":{"@id":"https:\/\/eduardorojasarquitectura.com\/en\/eduardo-rojas-arquitectura\/#primaryimage"},"image":{"@id":"https:\/\/eduardorojasarquitectura.com\/en\/eduardo-rojas-arquitectura\/#primaryimage"},"thumbnailUrl":"https:\/\/eduardorojasarquitectura.com\/wp-content\/uploads\/2021\/01\/IMG_0404ok.jpg","datePublished":"2020-11-30T17:32:57+00:00","dateModified":"2024-11-01T17:37:32+00:00","description":"Estudio de arquitectura localizado en Málaga con más de 25 años de experiencia en proyectos de edificación, urbanismo y paisaje.","breadcrumb":{"@id":"https:\/\/eduardorojasarquitectura.com\/en\/eduardo-rojas-arquitectura\/#breadcrumb"},"inLanguage":"en-US","potentialAction":[{"@type":"ReadAction","target":["https:\/\/eduardorojasarquitectura.com\/en\/eduardo-rojas-arquitectura\/"]}]},{"@type":"ImageObject","inLanguage":"en-US","@id":"https:\/\/eduardorojasarquitectura.com\/en\/eduardo-rojas-arquitectura\/#primaryimage","url":"https:\/\/eduardorojasarquitectura.com\/wp-content\/uploads\/2021\/01\/IMG_0404ok.jpg","contentUrl":"https:\/\/eduardorojasarquitectura.com\/wp-content\/uploads\/2021\/01\/IMG_0404ok.jpg","width":800,"height":1000,"caption":"Eduardo Rojas Arquitectura"},{"@type":"BreadcrumbList","@id":"https:\/\/eduardorojasarquitectura.com\/en\/eduardo-rojas-arquitectura\/#breadcrumb","itemListElement":[{"@type":"ListItem","position":1,"name":"Portada","item":"https:\/\/eduardorojasarquitectura.com\/en\/"},{"@type":"ListItem","position":2,"name":"About Us"}]},{"@type":"WebSite","@id":"https:\/\/eduardorojasarquitectura.com\/en\/#website","url":"https:\/\/eduardorojasarquitectura.com\/en\/","name":"Eduardo Rojas Arquitectura","description":"Eduardo Rojas Dr. Arquitecto - Estudio Rojas - Eduardo Rojas Moyano","potentialAction":[{"@type":"SearchAction","target":{"@type":"EntryPoint","urlTemplate":"https:\/\/eduardorojasarquitectura.com\/en\/?s={search_term_string}"},"query-input":{"@type":"PropertyValueSpecification","valueRequired":true,"valueName":"search_term_string"}}],"inLanguage":"en-US"}]}</script>
<!-- / Yoast SEO plugin. -->

Estudio de arquitectura localizado en Málaga con más de 25 años de experiencia en proyectos de edificación, urbanismo y paisaje.
