{"id":4154,"date":"2023-04-20T10:59:00","date_gmt":"2023-04-20T10:59:00","guid":{"rendered":"https:\/\/eduardorojasarquitectura.com\/proyectos\/concurso-greenterfaz\/"},"modified":"2025-04-07T16:07:52","modified_gmt":"2025-04-07T16:07:52","slug":"concurso-greenterfaz","status":"publish","type":"proyectos","link":"https:\/\/eduardorojasarquitectura.com\/en\/proyectos\/concurso-greenterfaz\/","title":{"rendered":"GreenterFaz Contest"},"content":{"rendered":"<p class=\"\" data-start=\"276\" data-end=\"504\">GreenterFaz is the proposal we developed together with Scob arquitectura i paisatge and Mar\u00eda Jos\u00e9 Andrade for the International Competition for the Redevelopment of the Central Spaces of the M\u00e1laga Litoral Plan.<\/p>\n<p class=\"\" data-start=\"506\" data-end=\"753\">This urban-port intervention envisions a dynamic and inclusive central space that enhances the connection between the city and the waterfront, generating experiences rooted in both tangible and intangible heritage, as well as in natural resources.<\/p>\n<p class=\"\" data-start=\"755\" data-end=\"1486\">The proposal, with a strong ecological focus, addresses each and every layer of complexity present in the urban space through two key interventions: the Plaza de La Marina, reimagined as a large, flat, open surface for circulation and public events \u2014 the Gran Plaza de las Aguas; and the Paseo de los Curas, transformed into a vast meadow with undulating topography and lush vegetation, designed as a place to relax and linger, all at the same elevation as the pre-existing park and palm grove. The level of the plane trees is preserved through the use of cycle tree pits (<em data-start=\"1344\" data-end=\"1360\">cicloalcorques<\/em>). This is a commitment to ecosystem cohesion and the sustainable management of rainwater, framed as a Land Art operation.<\/p>\n<p class=\"\" data-start=\"1488\" data-end=\"1715\">By acknowledging the site\u2019s historical memory and existing dynamics, GreenterFaz re-establishes lost connections and introduces new ones, weaving together consolidated physical spaces and giving the area a renewed identity.<\/p>\n<p><a href=\"https:\/\/eduardorojasarquitectura.com\/wp-content\/uploads\/2023\/04\/GREENTERFAZ_MEMORIA-eduardo-rojas-arquitectura.pdf\" target=\"_blank\" rel=\"noopener\">View the complete project<\/a><\/p>\n","protected":false},"featured_media":3602,"parent":0,"template":"","proyectos_type":[24],"class_list":["post-4154","proyectos","type-proyectos","status-publish","has-post-thumbnail","hentry","proyectos_type-concursos-en"],"yoast_head":"<!-- This site is optimized with the Yoast SEO plugin v27.5 - https:\/\/yoast.com\/product\/yoast-seo-wordpress\/ -->\n<title>GreenterFaz Contest - Eduardo Rojas Arquitectura<\/title>\n<meta name=\"robots\" content=\"index, follow, max-snippet:-1, max-image-preview:large, max-video-preview:-1\" \/>\n<link rel=\"canonical\" href=\"https:\/\/eduardorojasarquitectura.com\/en\/proyectos\/concurso-greenterfaz\/\" \/>\n<meta property=\"og:locale\" content=\"en_US\" \/>\n<meta property=\"og:type\" content=\"article\" \/>\n<meta property=\"og:title\" content=\"GreenterFaz Contest - Eduardo Rojas Arquitectura\" \/>\n<meta property=\"og:description\" content=\"GreenterFaz is the proposal we developed together with Scob arquitectura i paisatge and Mar\u00eda Jos\u00e9 Andrade for the International Competition for the Redevelopment of the Central Spaces of the M\u00e1laga Litoral Plan. This urban-port intervention envisions a dynamic and inclusive central space that enhances the connection between the city and the waterfront, generating experiences rooted &hellip;\" \/>\n<meta property=\"og:url\" content=\"https:\/\/eduardorojasarquitectura.com\/en\/proyectos\/concurso-greenterfaz\/\" \/>\n<meta property=\"og:site_name\" content=\"Eduardo Rojas Arquitectura\" \/>\n<meta property=\"article:modified_time\" content=\"2025-04-07T16:07:52+00:00\" \/>\n<meta property=\"og:image\" content=\"https:\/\/eduardorojasarquitectura.com\/wp-content\/uploads\/2023\/04\/BETA-VISUALS-2235-MALAGA-LITORAL-01_Paseo-Curas-MOD-03_sin-edif.jpg\" \/>\n\t<meta property=\"og:image:width\" content=\"1603\" \/>\n\t<meta property=\"og:image:height\" content=\"2269\" \/>\n\t<meta property=\"og:image:type\" content=\"image\/jpeg\" \/>\n<meta name=\"twitter:card\" content=\"summary_large_image\" \/>\n<meta name=\"twitter:label1\" content=\"Est. reading time\" \/>\n\t<meta name=\"twitter:data1\" content=\"1 minute\" \/>\n<script type=\"application\/ld+json\" class=\"yoast-schema-graph\">{\"@context\":\"https:\\\/\\\/schema.org\",\"@graph\":[{\"@type\":\"WebPage\",\"@id\":\"https:\\\/\\\/eduardorojasarquitectura.com\\\/en\\\/proyectos\\\/concurso-greenterfaz\\\/\",\"url\":\"https:\\\/\\\/eduardorojasarquitectura.com\\\/en\\\/proyectos\\\/concurso-greenterfaz\\\/\",\"name\":\"GreenterFaz Contest - Eduardo Rojas Arquitectura\",\"isPartOf\":{\"@id\":\"https:\\\/\\\/eduardorojasarquitectura.com\\\/en\\\/#website\"},\"primaryImageOfPage\":{\"@id\":\"https:\\\/\\\/eduardorojasarquitectura.com\\\/en\\\/proyectos\\\/concurso-greenterfaz\\\/#primaryimage\"},\"image\":{\"@id\":\"https:\\\/\\\/eduardorojasarquitectura.com\\\/en\\\/proyectos\\\/concurso-greenterfaz\\\/#primaryimage\"},\"thumbnailUrl\":\"https:\\\/\\\/eduardorojasarquitectura.com\\\/wp-content\\\/uploads\\\/2023\\\/04\\\/BETA-VISUALS-2235-MALAGA-LITORAL-01_Paseo-Curas-MOD-03_sin-edif.jpg\",\"datePublished\":\"2023-04-20T10:59:00+00:00\",\"dateModified\":\"2025-04-07T16:07:52+00:00\",\"breadcrumb\":{\"@id\":\"https:\\\/\\\/eduardorojasarquitectura.com\\\/en\\\/proyectos\\\/concurso-greenterfaz\\\/#breadcrumb\"},\"inLanguage\":\"en-US\",\"potentialAction\":[{\"@type\":\"ReadAction\",\"target\":[\"https:\\\/\\\/eduardorojasarquitectura.com\\\/en\\\/proyectos\\\/concurso-greenterfaz\\\/\"]}]},{\"@type\":\"ImageObject\",\"inLanguage\":\"en-US\",\"@id\":\"https:\\\/\\\/eduardorojasarquitectura.com\\\/en\\\/proyectos\\\/concurso-greenterfaz\\\/#primaryimage\",\"url\":\"https:\\\/\\\/eduardorojasarquitectura.com\\\/wp-content\\\/uploads\\\/2023\\\/04\\\/BETA-VISUALS-2235-MALAGA-LITORAL-01_Paseo-Curas-MOD-03_sin-edif.jpg\",\"contentUrl\":\"https:\\\/\\\/eduardorojasarquitectura.com\\\/wp-content\\\/uploads\\\/2023\\\/04\\\/BETA-VISUALS-2235-MALAGA-LITORAL-01_Paseo-Curas-MOD-03_sin-edif.jpg\",\"width\":1603,\"height\":2269},{\"@type\":\"BreadcrumbList\",\"@id\":\"https:\\\/\\\/eduardorojasarquitectura.com\\\/en\\\/proyectos\\\/concurso-greenterfaz\\\/#breadcrumb\",\"itemListElement\":[{\"@type\":\"ListItem\",\"position\":1,\"name\":\"Portada\",\"item\":\"https:\\\/\\\/eduardorojasarquitectura.com\\\/en\\\/\"},{\"@type\":\"ListItem\",\"position\":2,\"name\":\"GreenterFaz Contest\"}]},{\"@type\":\"WebSite\",\"@id\":\"https:\\\/\\\/eduardorojasarquitectura.com\\\/en\\\/#website\",\"url\":\"https:\\\/\\\/eduardorojasarquitectura.com\\\/en\\\/\",\"name\":\"Eduardo Rojas Arquitectura\",\"description\":\"Eduardo Rojas Dr. Arquitecto - Estudio Rojas - Eduardo Rojas Moyano\",\"potentialAction\":[{\"@type\":\"SearchAction\",\"target\":{\"@type\":\"EntryPoint\",\"urlTemplate\":\"https:\\\/\\\/eduardorojasarquitectura.com\\\/en\\\/?s={search_term_string}\"},\"query-input\":{\"@type\":\"PropertyValueSpecification\",\"valueRequired\":true,\"valueName\":\"search_term_string\"}}],\"inLanguage\":\"en-US\"}]}<\/script>\n<!-- \/ Yoast SEO plugin. -->","yoast_head_json":{"title":"GreenterFaz Contest - Eduardo Rojas Arquitectura","robots":{"index":"index","follow":"follow","max-snippet":"max-snippet:-1","max-image-preview":"max-image-preview:large","max-video-preview":"max-video-preview:-1"},"canonical":"https:\/\/eduardorojasarquitectura.com\/en\/proyectos\/concurso-greenterfaz\/","og_locale":"en_US","og_type":"article","og_title":"GreenterFaz Contest - Eduardo Rojas Arquitectura","og_description":"GreenterFaz is the proposal we developed together with Scob arquitectura i paisatge and Mar\u00eda Jos\u00e9 Andrade for the International Competition for the Redevelopment of the Central Spaces of the M\u00e1laga Litoral Plan. This urban-port intervention envisions a dynamic and inclusive central space that enhances the connection between the city and the waterfront, generating experiences rooted &hellip;","og_url":"https:\/\/eduardorojasarquitectura.com\/en\/proyectos\/concurso-greenterfaz\/","og_site_name":"Eduardo Rojas Arquitectura","article_modified_time":"2025-04-07T16:07:52+00:00","og_image":[{"width":1603,"height":2269,"url":"https:\/\/eduardorojasarquitectura.com\/wp-content\/uploads\/2023\/04\/BETA-VISUALS-2235-MALAGA-LITORAL-01_Paseo-Curas-MOD-03_sin-edif.jpg","type":"image\/jpeg"}],"twitter_card":"summary_large_image","twitter_misc":{"Est. reading time":"1 minute"},"schema":{"@context":"https:\/\/schema.org","@graph":[{"@type":"WebPage","@id":"https:\/\/eduardorojasarquitectura.com\/en\/proyectos\/concurso-greenterfaz\/","url":"https:\/\/eduardorojasarquitectura.com\/en\/proyectos\/concurso-greenterfaz\/","name":"GreenterFaz Contest - Eduardo Rojas Arquitectura","isPartOf":{"@id":"https:\/\/eduardorojasarquitectura.com\/en\/#website"},"primaryImageOfPage":{"@id":"https:\/\/eduardorojasarquitectura.com\/en\/proyectos\/concurso-greenterfaz\/#primaryimage"},"image":{"@id":"https:\/\/eduardorojasarquitectura.com\/en\/proyectos\/concurso-greenterfaz\/#primaryimage"},"thumbnailUrl":"https:\/\/eduardorojasarquitectura.com\/wp-content\/uploads\/2023\/04\/BETA-VISUALS-2235-MALAGA-LITORAL-01_Paseo-Curas-MOD-03_sin-edif.jpg","datePublished":"2023-04-20T10:59:00+00:00","dateModified":"2025-04-07T16:07:52+00:00","breadcrumb":{"@id":"https:\/\/eduardorojasarquitectura.com\/en\/proyectos\/concurso-greenterfaz\/#breadcrumb"},"inLanguage":"en-US","potentialAction":[{"@type":"ReadAction","target":["https:\/\/eduardorojasarquitectura.com\/en\/proyectos\/concurso-greenterfaz\/"]}]},{"@type":"ImageObject","inLanguage":"en-US","@id":"https:\/\/eduardorojasarquitectura.com\/en\/proyectos\/concurso-greenterfaz\/#primaryimage","url":"https:\/\/eduardorojasarquitectura.com\/wp-content\/uploads\/2023\/04\/BETA-VISUALS-2235-MALAGA-LITORAL-01_Paseo-Curas-MOD-03_sin-edif.jpg","contentUrl":"https:\/\/eduardorojasarquitectura.com\/wp-content\/uploads\/2023\/04\/BETA-VISUALS-2235-MALAGA-LITORAL-01_Paseo-Curas-MOD-03_sin-edif.jpg","width":1603,"height":2269},{"@type":"BreadcrumbList","@id":"https:\/\/eduardorojasarquitectura.com\/en\/proyectos\/concurso-greenterfaz\/#breadcrumb","itemListElement":[{"@type":"ListItem","position":1,"name":"Portada","item":"https:\/\/eduardorojasarquitectura.com\/en\/"},{"@type":"ListItem","position":2,"name":"GreenterFaz Contest"}]},{"@type":"WebSite","@id":"https:\/\/eduardorojasarquitectura.com\/en\/#website","url":"https:\/\/eduardorojasarquitectura.com\/en\/","name":"Eduardo Rojas Arquitectura","description":"Eduardo Rojas Dr. Arquitecto - Estudio Rojas - Eduardo Rojas Moyano","potentialAction":[{"@type":"SearchAction","target":{"@type":"EntryPoint","urlTemplate":"https:\/\/eduardorojasarquitectura.com\/en\/?s={search_term_string}"},"query-input":{"@type":"PropertyValueSpecification","valueRequired":true,"valueName":"search_term_string"}}],"inLanguage":"en-US"}]}},"_links":{"self":[{"href":"https:\/\/eduardorojasarquitectura.com\/en\/wp-json\/wp\/v2\/proyectos\/4154","targetHints":{"allow":["GET"]}}],"collection":[{"href":"https:\/\/eduardorojasarquitectura.com\/en\/wp-json\/wp\/v2\/proyectos"}],"about":[{"href":"https:\/\/eduardorojasarquitectura.com\/en\/wp-json\/wp\/v2\/types\/proyectos"}],"wp:featuredmedia":[{"embeddable":true,"href":"https:\/\/eduardorojasarquitectura.com\/en\/wp-json\/wp\/v2\/media\/3602"}],"wp:attachment":[{"href":"https:\/\/eduardorojasarquitectura.com\/en\/wp-json\/wp\/v2\/media?parent=4154"}],"wp:term":[{"taxonomy":"proyectos_type","embeddable":true,"href":"https:\/\/eduardorojasarquitectura.com\/en\/wp-json\/wp\/v2\/proyectos_type?post=4154"}],"curies":[{"name":"wp","href":"https:\/\/api.w.org\/{rel}","templated":true}]}}

<p class="" data-start="276" data-end="504">GreenterFaz is the proposal we developed together with Scob arquitectura i paisatge and María José Andrade for the International Competition for the Redevelopment of the Central Spaces of the Málaga Litoral Plan.</p>
<p class="" data-start="506" data-end="753">This urban-port intervention envisions a dynamic and inclusive central space that enhances the connection between the city and the waterfront, generating experiences rooted in both tangible and intangible heritage, as well as in natural resources.</p>
<p class="" data-start="755" data-end="1486">The proposal, with a strong ecological focus, addresses each and every layer of complexity present in the urban space through two key interventions: the Plaza de La Marina, reimagined as a large, flat, open surface for circulation and public events — the Gran Plaza de las Aguas; and the Paseo de los Curas, transformed into a vast meadow with undulating topography and lush vegetation, designed as a place to relax and linger, all at the same elevation as the pre-existing park and palm grove. The level of the plane trees is preserved through the use of cycle tree pits (<em data-start="1344" data-end="1360">cicloalcorques</em>). This is a commitment to ecosystem cohesion and the sustainable management of rainwater, framed as a Land Art operation.</p>
<p class="" data-start="1488" data-end="1715">By acknowledging the site’s historical memory and existing dynamics, GreenterFaz re-establishes lost connections and introduces new ones, weaving together consolidated physical spaces and giving the area a renewed identity.</p>
<p><a href="https://eduardorojasarquitectura.com/wp-content/uploads/2023/04/GREENTERFAZ_MEMORIA-eduardo-rojas-arquitectura.pdf" target="_blank" rel="noopener">View the complete project</a></p>

<!-- This site is optimized with the Yoast SEO plugin v27.5 - https://yoast.com/product/yoast-seo-wordpress/ -->
<title>GreenterFaz Contest - Eduardo Rojas Arquitectura</title>
<meta name="robots" content="index, follow, max-snippet:-1, max-image-preview:large, max-video-preview:-1" />
<link rel="canonical" href="https://eduardorojasarquitectura.com/en/proyectos/concurso-greenterfaz/" />
<meta property="og:locale" content="en_US" />
<meta property="og:type" content="article" />
<meta property="og:title" content="GreenterFaz Contest - Eduardo Rojas Arquitectura" />
<meta property="og:description" content="GreenterFaz is the proposal we developed together with Scob arquitectura i paisatge and María José Andrade for the International Competition for the Redevelopment of the Central Spaces of the Málaga Litoral Plan. This urban-port intervention envisions a dynamic and inclusive central space that enhances the connection between the city and the waterfront, generating experiences rooted &hellip;" />
<meta property="og:url" content="https://eduardorojasarquitectura.com/en/proyectos/concurso-greenterfaz/" />
<meta property="og:site_name" content="Eduardo Rojas Arquitectura" />
<meta property="article:modified_time" content="2025-04-07T16:07:52+00:00" />
<meta property="og:image" content="https://eduardorojasarquitectura.com/wp-content/uploads/2023/04/BETA-VISUALS-2235-MALAGA-LITORAL-01_Paseo-Curas-MOD-03_sin-edif.jpg" />
	<meta property="og:image:width" content="1603" />
	<meta property="og:image:height" content="2269" />
	<meta property="og:image:type" content="image/jpeg" />
<meta name="twitter:card" content="summary_large_image" />
<meta name="twitter:label1" content="Est. reading time" />
	<meta name="twitter:data1" content="1 minute" />
<script type="application/ld+json" class="yoast-schema-graph">{"@context":"https:\/\/schema.org","@graph":[{"@type":"WebPage","@id":"https:\/\/eduardorojasarquitectura.com\/en\/proyectos\/concurso-greenterfaz\/","url":"https:\/\/eduardorojasarquitectura.com\/en\/proyectos\/concurso-greenterfaz\/","name":"GreenterFaz Contest - Eduardo Rojas Arquitectura","isPartOf":{"@id":"https:\/\/eduardorojasarquitectura.com\/en\/#website"},"primaryImageOfPage":{"@id":"https:\/\/eduardorojasarquitectura.com\/en\/proyectos\/concurso-greenterfaz\/#primaryimage"},"image":{"@id":"https:\/\/eduardorojasarquitectura.com\/en\/proyectos\/concurso-greenterfaz\/#primaryimage"},"thumbnailUrl":"https:\/\/eduardorojasarquitectura.com\/wp-content\/uploads\/2023\/04\/BETA-VISUALS-2235-MALAGA-LITORAL-01_Paseo-Curas-MOD-03_sin-edif.jpg","datePublished":"2023-04-20T10:59:00+00:00","dateModified":"2025-04-07T16:07:52+00:00","breadcrumb":{"@id":"https:\/\/eduardorojasarquitectura.com\/en\/proyectos\/concurso-greenterfaz\/#breadcrumb"},"inLanguage":"en-US","potentialAction":[{"@type":"ReadAction","target":["https:\/\/eduardorojasarquitectura.com\/en\/proyectos\/concurso-greenterfaz\/"]}]},{"@type":"ImageObject","inLanguage":"en-US","@id":"https:\/\/eduardorojasarquitectura.com\/en\/proyectos\/concurso-greenterfaz\/#primaryimage","url":"https:\/\/eduardorojasarquitectura.com\/wp-content\/uploads\/2023\/04\/BETA-VISUALS-2235-MALAGA-LITORAL-01_Paseo-Curas-MOD-03_sin-edif.jpg","contentUrl":"https:\/\/eduardorojasarquitectura.com\/wp-content\/uploads\/2023\/04\/BETA-VISUALS-2235-MALAGA-LITORAL-01_Paseo-Curas-MOD-03_sin-edif.jpg","width":1603,"height":2269},{"@type":"BreadcrumbList","@id":"https:\/\/eduardorojasarquitectura.com\/en\/proyectos\/concurso-greenterfaz\/#breadcrumb","itemListElement":[{"@type":"ListItem","position":1,"name":"Portada","item":"https:\/\/eduardorojasarquitectura.com\/en\/"},{"@type":"ListItem","position":2,"name":"GreenterFaz Contest"}]},{"@type":"WebSite","@id":"https:\/\/eduardorojasarquitectura.com\/en\/#website","url":"https:\/\/eduardorojasarquitectura.com\/en\/","name":"Eduardo Rojas Arquitectura","description":"Eduardo Rojas Dr. Arquitecto - Estudio Rojas - Eduardo Rojas Moyano","potentialAction":[{"@type":"SearchAction","target":{"@type":"EntryPoint","urlTemplate":"https:\/\/eduardorojasarquitectura.com\/en\/?s={search_term_string}"},"query-input":{"@type":"PropertyValueSpecification","valueRequired":true,"valueName":"search_term_string"}}],"inLanguage":"en-US"}]}</script>
<!-- / Yoast SEO plugin. -->

GreenterFaz is the proposal we developed together with Scob arquitectura i paisatge and María José Andrade for the International Competition for the Redevelopment of the Central Spaces of the Málaga Litoral Plan. This urban-port intervention envisions a dynamic and inclusive central space that enhances the connection between the city and the waterfront, generating experiences rooted &hellip;
