{"id":4156,"date":"2021-01-13T19:25:11","date_gmt":"2021-01-13T19:25:11","guid":{"rendered":"https:\/\/eduardorojasarquitectura.com\/proyectos\/apartamento-plaza-de-la-merced\/"},"modified":"2025-04-08T15:49:17","modified_gmt":"2025-04-08T15:49:17","slug":"apartamento-plaza-de-la-merced","status":"publish","type":"proyectos","link":"https:\/\/eduardorojasarquitectura.com\/en\/proyectos\/apartamento-plaza-de-la-merced\/","title":{"rendered":"Apartments at Plaza de la Merced, 2020"},"content":{"rendered":"<p class=\"\" data-start=\"280\" data-end=\"467\">This project began when the developer commissioned us to refurbish and renovate a building located in the historic center of M\u00e1laga, in a setting as significant as Plaza de la Merced.<\/p>\n<p class=\"\" data-start=\"469\" data-end=\"769\">Courtyards play a structuring role in the architecture of the historic center. In this case, the three apartments\u2014one on each floor\u2014along with the commercial space on the ground floor, feature interior courtyards that have been enlarged as part of the project, in compliance with current regulations.<\/p>\n<p class=\"\" data-start=\"771\" data-end=\"860\">Access to the apartments is provided by a bridge that connects them to the elevator core.<\/p>\n<p class=\"\" data-start=\"862\" data-end=\"1095\">The apartments are organized around the courtyards, with fluid transitions between the living room, entrance hall, and kitchen, creating an architectural sequence that reflects a harmonious dialogue between light, space, and texture.<\/p>\n<p class=\"\" data-start=\"1097\" data-end=\"1294\">The top floor includes a terrace and an additional room located on the rooftop. Overlooking the Cathedral, this space is conceived as an extension of the home\u2014a place for retreat and contemplation.<\/p>\n<p class=\"\" data-start=\"1296\" data-end=\"1370\">The entire project has been developed with meticulous attention to detail.<\/p>\n<p>Photography: <a href=\"http:\/\/www.chasan.com\/es\/\">Wayne Chasan<\/a><\/p>\n","protected":false},"featured_media":2628,"parent":0,"template":"","proyectos_type":[25],"class_list":["post-4156","proyectos","type-proyectos","status-publish","has-post-thumbnail","hentry","proyectos_type-vivienda-plurifamiliar-en"],"yoast_head":"<!-- This site is optimized with the Yoast SEO plugin v27.5 - https:\/\/yoast.com\/product\/yoast-seo-wordpress\/ -->\n<title>Apartments at Plaza de la Merced, 2020 - Eduardo Rojas Arquitectura<\/title>\n<meta name=\"description\" content=\"Reforma del edificio situado en Plaza la Merced, en el centro hist\u00f3rico de M\u00e1laga. Una disoluci\u00f3n de l\u00edmites para que la luz penetre.\" \/>\n<meta name=\"robots\" content=\"index, follow, max-snippet:-1, max-image-preview:large, max-video-preview:-1\" \/>\n<link rel=\"canonical\" href=\"https:\/\/eduardorojasarquitectura.com\/en\/proyectos\/apartamento-plaza-de-la-merced\/\" \/>\n<meta property=\"og:locale\" content=\"en_US\" \/>\n<meta property=\"og:type\" content=\"article\" \/>\n<meta property=\"og:title\" content=\"Apartments at Plaza de la Merced, 2020 - Eduardo Rojas Arquitectura\" \/>\n<meta property=\"og:description\" content=\"Reforma del edificio situado en Plaza la Merced, en el centro hist\u00f3rico de M\u00e1laga. Una disoluci\u00f3n de l\u00edmites para que la luz penetre.\" \/>\n<meta property=\"og:url\" content=\"https:\/\/eduardorojasarquitectura.com\/en\/proyectos\/apartamento-plaza-de-la-merced\/\" \/>\n<meta property=\"og:site_name\" content=\"Eduardo Rojas Arquitectura\" \/>\n<meta property=\"article:modified_time\" content=\"2025-04-08T15:49:17+00:00\" \/>\n<meta property=\"og:image\" content=\"https:\/\/eduardorojasarquitectura.com\/wp-content\/uploads\/2021\/01\/Portada-merced.png\" \/>\n\t<meta property=\"og:image:width\" content=\"800\" \/>\n\t<meta property=\"og:image:height\" content=\"1200\" \/>\n\t<meta property=\"og:image:type\" content=\"image\/png\" \/>\n<meta name=\"twitter:card\" content=\"summary_large_image\" \/>\n<meta name=\"twitter:label1\" content=\"Est. reading time\" \/>\n\t<meta name=\"twitter:data1\" content=\"1 minute\" \/>\n<script type=\"application\/ld+json\" class=\"yoast-schema-graph\">{\"@context\":\"https:\\\/\\\/schema.org\",\"@graph\":[{\"@type\":\"WebPage\",\"@id\":\"https:\\\/\\\/eduardorojasarquitectura.com\\\/en\\\/proyectos\\\/apartamento-plaza-de-la-merced\\\/\",\"url\":\"https:\\\/\\\/eduardorojasarquitectura.com\\\/en\\\/proyectos\\\/apartamento-plaza-de-la-merced\\\/\",\"name\":\"Apartments at Plaza de la Merced, 2020 - Eduardo Rojas Arquitectura\",\"isPartOf\":{\"@id\":\"https:\\\/\\\/eduardorojasarquitectura.com\\\/en\\\/#website\"},\"primaryImageOfPage\":{\"@id\":\"https:\\\/\\\/eduardorojasarquitectura.com\\\/en\\\/proyectos\\\/apartamento-plaza-de-la-merced\\\/#primaryimage\"},\"image\":{\"@id\":\"https:\\\/\\\/eduardorojasarquitectura.com\\\/en\\\/proyectos\\\/apartamento-plaza-de-la-merced\\\/#primaryimage\"},\"thumbnailUrl\":\"https:\\\/\\\/eduardorojasarquitectura.com\\\/wp-content\\\/uploads\\\/2021\\\/01\\\/Portada-merced.png\",\"datePublished\":\"2021-01-13T19:25:11+00:00\",\"dateModified\":\"2025-04-08T15:49:17+00:00\",\"description\":\"Reforma del edificio situado en Plaza la Merced, en el centro hist\u00f3rico de M\u00e1laga. Una disoluci\u00f3n de l\u00edmites para que la luz penetre.\",\"breadcrumb\":{\"@id\":\"https:\\\/\\\/eduardorojasarquitectura.com\\\/en\\\/proyectos\\\/apartamento-plaza-de-la-merced\\\/#breadcrumb\"},\"inLanguage\":\"en-US\",\"potentialAction\":[{\"@type\":\"ReadAction\",\"target\":[\"https:\\\/\\\/eduardorojasarquitectura.com\\\/en\\\/proyectos\\\/apartamento-plaza-de-la-merced\\\/\"]}]},{\"@type\":\"ImageObject\",\"inLanguage\":\"en-US\",\"@id\":\"https:\\\/\\\/eduardorojasarquitectura.com\\\/en\\\/proyectos\\\/apartamento-plaza-de-la-merced\\\/#primaryimage\",\"url\":\"https:\\\/\\\/eduardorojasarquitectura.com\\\/wp-content\\\/uploads\\\/2021\\\/01\\\/Portada-merced.png\",\"contentUrl\":\"https:\\\/\\\/eduardorojasarquitectura.com\\\/wp-content\\\/uploads\\\/2021\\\/01\\\/Portada-merced.png\",\"width\":800,\"height\":1200},{\"@type\":\"BreadcrumbList\",\"@id\":\"https:\\\/\\\/eduardorojasarquitectura.com\\\/en\\\/proyectos\\\/apartamento-plaza-de-la-merced\\\/#breadcrumb\",\"itemListElement\":[{\"@type\":\"ListItem\",\"position\":1,\"name\":\"Portada\",\"item\":\"https:\\\/\\\/eduardorojasarquitectura.com\\\/en\\\/\"},{\"@type\":\"ListItem\",\"position\":2,\"name\":\"Apartments at Plaza de la Merced, 2020\"}]},{\"@type\":\"WebSite\",\"@id\":\"https:\\\/\\\/eduardorojasarquitectura.com\\\/en\\\/#website\",\"url\":\"https:\\\/\\\/eduardorojasarquitectura.com\\\/en\\\/\",\"name\":\"Eduardo Rojas Arquitectura\",\"description\":\"Eduardo Rojas Dr. Arquitecto - Estudio Rojas - Eduardo Rojas Moyano\",\"potentialAction\":[{\"@type\":\"SearchAction\",\"target\":{\"@type\":\"EntryPoint\",\"urlTemplate\":\"https:\\\/\\\/eduardorojasarquitectura.com\\\/en\\\/?s={search_term_string}\"},\"query-input\":{\"@type\":\"PropertyValueSpecification\",\"valueRequired\":true,\"valueName\":\"search_term_string\"}}],\"inLanguage\":\"en-US\"}]}<\/script>\n<!-- \/ Yoast SEO plugin. -->","yoast_head_json":{"title":"Apartments at Plaza de la Merced, 2020 - Eduardo Rojas Arquitectura","description":"Reforma del edificio situado en Plaza la Merced, en el centro hist\u00f3rico de M\u00e1laga. Una disoluci\u00f3n de l\u00edmites para que la luz penetre.","robots":{"index":"index","follow":"follow","max-snippet":"max-snippet:-1","max-image-preview":"max-image-preview:large","max-video-preview":"max-video-preview:-1"},"canonical":"https:\/\/eduardorojasarquitectura.com\/en\/proyectos\/apartamento-plaza-de-la-merced\/","og_locale":"en_US","og_type":"article","og_title":"Apartments at Plaza de la Merced, 2020 - Eduardo Rojas Arquitectura","og_description":"Reforma del edificio situado en Plaza la Merced, en el centro hist\u00f3rico de M\u00e1laga. Una disoluci\u00f3n de l\u00edmites para que la luz penetre.","og_url":"https:\/\/eduardorojasarquitectura.com\/en\/proyectos\/apartamento-plaza-de-la-merced\/","og_site_name":"Eduardo Rojas Arquitectura","article_modified_time":"2025-04-08T15:49:17+00:00","og_image":[{"width":800,"height":1200,"url":"https:\/\/eduardorojasarquitectura.com\/wp-content\/uploads\/2021\/01\/Portada-merced.png","type":"image\/png"}],"twitter_card":"summary_large_image","twitter_misc":{"Est. reading time":"1 minute"},"schema":{"@context":"https:\/\/schema.org","@graph":[{"@type":"WebPage","@id":"https:\/\/eduardorojasarquitectura.com\/en\/proyectos\/apartamento-plaza-de-la-merced\/","url":"https:\/\/eduardorojasarquitectura.com\/en\/proyectos\/apartamento-plaza-de-la-merced\/","name":"Apartments at Plaza de la Merced, 2020 - Eduardo Rojas Arquitectura","isPartOf":{"@id":"https:\/\/eduardorojasarquitectura.com\/en\/#website"},"primaryImageOfPage":{"@id":"https:\/\/eduardorojasarquitectura.com\/en\/proyectos\/apartamento-plaza-de-la-merced\/#primaryimage"},"image":{"@id":"https:\/\/eduardorojasarquitectura.com\/en\/proyectos\/apartamento-plaza-de-la-merced\/#primaryimage"},"thumbnailUrl":"https:\/\/eduardorojasarquitectura.com\/wp-content\/uploads\/2021\/01\/Portada-merced.png","datePublished":"2021-01-13T19:25:11+00:00","dateModified":"2025-04-08T15:49:17+00:00","description":"Reforma del edificio situado en Plaza la Merced, en el centro hist\u00f3rico de M\u00e1laga. Una disoluci\u00f3n de l\u00edmites para que la luz penetre.","breadcrumb":{"@id":"https:\/\/eduardorojasarquitectura.com\/en\/proyectos\/apartamento-plaza-de-la-merced\/#breadcrumb"},"inLanguage":"en-US","potentialAction":[{"@type":"ReadAction","target":["https:\/\/eduardorojasarquitectura.com\/en\/proyectos\/apartamento-plaza-de-la-merced\/"]}]},{"@type":"ImageObject","inLanguage":"en-US","@id":"https:\/\/eduardorojasarquitectura.com\/en\/proyectos\/apartamento-plaza-de-la-merced\/#primaryimage","url":"https:\/\/eduardorojasarquitectura.com\/wp-content\/uploads\/2021\/01\/Portada-merced.png","contentUrl":"https:\/\/eduardorojasarquitectura.com\/wp-content\/uploads\/2021\/01\/Portada-merced.png","width":800,"height":1200},{"@type":"BreadcrumbList","@id":"https:\/\/eduardorojasarquitectura.com\/en\/proyectos\/apartamento-plaza-de-la-merced\/#breadcrumb","itemListElement":[{"@type":"ListItem","position":1,"name":"Portada","item":"https:\/\/eduardorojasarquitectura.com\/en\/"},{"@type":"ListItem","position":2,"name":"Apartments at Plaza de la Merced, 2020"}]},{"@type":"WebSite","@id":"https:\/\/eduardorojasarquitectura.com\/en\/#website","url":"https:\/\/eduardorojasarquitectura.com\/en\/","name":"Eduardo Rojas Arquitectura","description":"Eduardo Rojas Dr. Arquitecto - Estudio Rojas - Eduardo Rojas Moyano","potentialAction":[{"@type":"SearchAction","target":{"@type":"EntryPoint","urlTemplate":"https:\/\/eduardorojasarquitectura.com\/en\/?s={search_term_string}"},"query-input":{"@type":"PropertyValueSpecification","valueRequired":true,"valueName":"search_term_string"}}],"inLanguage":"en-US"}]}},"_links":{"self":[{"href":"https:\/\/eduardorojasarquitectura.com\/en\/wp-json\/wp\/v2\/proyectos\/4156","targetHints":{"allow":["GET"]}}],"collection":[{"href":"https:\/\/eduardorojasarquitectura.com\/en\/wp-json\/wp\/v2\/proyectos"}],"about":[{"href":"https:\/\/eduardorojasarquitectura.com\/en\/wp-json\/wp\/v2\/types\/proyectos"}],"wp:featuredmedia":[{"embeddable":true,"href":"https:\/\/eduardorojasarquitectura.com\/en\/wp-json\/wp\/v2\/media\/2628"}],"wp:attachment":[{"href":"https:\/\/eduardorojasarquitectura.com\/en\/wp-json\/wp\/v2\/media?parent=4156"}],"wp:term":[{"taxonomy":"proyectos_type","embeddable":true,"href":"https:\/\/eduardorojasarquitectura.com\/en\/wp-json\/wp\/v2\/proyectos_type?post=4156"}],"curies":[{"name":"wp","href":"https:\/\/api.w.org\/{rel}","templated":true}]}}

<p class="" data-start="280" data-end="467">This project began when the developer commissioned us to refurbish and renovate a building located in the historic center of Málaga, in a setting as significant as Plaza de la Merced.</p>
<p class="" data-start="469" data-end="769">Courtyards play a structuring role in the architecture of the historic center. In this case, the three apartments—one on each floor—along with the commercial space on the ground floor, feature interior courtyards that have been enlarged as part of the project, in compliance with current regulations.</p>
<p class="" data-start="771" data-end="860">Access to the apartments is provided by a bridge that connects them to the elevator core.</p>
<p class="" data-start="862" data-end="1095">The apartments are organized around the courtyards, with fluid transitions between the living room, entrance hall, and kitchen, creating an architectural sequence that reflects a harmonious dialogue between light, space, and texture.</p>
<p class="" data-start="1097" data-end="1294">The top floor includes a terrace and an additional room located on the rooftop. Overlooking the Cathedral, this space is conceived as an extension of the home—a place for retreat and contemplation.</p>
<p class="" data-start="1296" data-end="1370">The entire project has been developed with meticulous attention to detail.</p>
<p>Photography: <a href="http://www.chasan.com/es/">Wayne Chasan</a></p>

<!-- This site is optimized with the Yoast SEO plugin v27.5 - https://yoast.com/product/yoast-seo-wordpress/ -->
<title>Apartments at Plaza de la Merced, 2020 - Eduardo Rojas Arquitectura</title>
<meta name="description" content="Reforma del edificio situado en Plaza la Merced, en el centro histórico de Málaga. Una disolución de límites para que la luz penetre." />
<meta name="robots" content="index, follow, max-snippet:-1, max-image-preview:large, max-video-preview:-1" />
<link rel="canonical" href="https://eduardorojasarquitectura.com/en/proyectos/apartamento-plaza-de-la-merced/" />
<meta property="og:locale" content="en_US" />
<meta property="og:type" content="article" />
<meta property="og:title" content="Apartments at Plaza de la Merced, 2020 - Eduardo Rojas Arquitectura" />
<meta property="og:description" content="Reforma del edificio situado en Plaza la Merced, en el centro histórico de Málaga. Una disolución de límites para que la luz penetre." />
<meta property="og:url" content="https://eduardorojasarquitectura.com/en/proyectos/apartamento-plaza-de-la-merced/" />
<meta property="og:site_name" content="Eduardo Rojas Arquitectura" />
<meta property="article:modified_time" content="2025-04-08T15:49:17+00:00" />
<meta property="og:image" content="https://eduardorojasarquitectura.com/wp-content/uploads/2021/01/Portada-merced.png" />
	<meta property="og:image:width" content="800" />
	<meta property="og:image:height" content="1200" />
	<meta property="og:image:type" content="image/png" />
<meta name="twitter:card" content="summary_large_image" />
<meta name="twitter:label1" content="Est. reading time" />
	<meta name="twitter:data1" content="1 minute" />
<script type="application/ld+json" class="yoast-schema-graph">{"@context":"https:\/\/schema.org","@graph":[{"@type":"WebPage","@id":"https:\/\/eduardorojasarquitectura.com\/en\/proyectos\/apartamento-plaza-de-la-merced\/","url":"https:\/\/eduardorojasarquitectura.com\/en\/proyectos\/apartamento-plaza-de-la-merced\/","name":"Apartments at Plaza de la Merced, 2020 - Eduardo Rojas Arquitectura","isPartOf":{"@id":"https:\/\/eduardorojasarquitectura.com\/en\/#website"},"primaryImageOfPage":{"@id":"https:\/\/eduardorojasarquitectura.com\/en\/proyectos\/apartamento-plaza-de-la-merced\/#primaryimage"},"image":{"@id":"https:\/\/eduardorojasarquitectura.com\/en\/proyectos\/apartamento-plaza-de-la-merced\/#primaryimage"},"thumbnailUrl":"https:\/\/eduardorojasarquitectura.com\/wp-content\/uploads\/2021\/01\/Portada-merced.png","datePublished":"2021-01-13T19:25:11+00:00","dateModified":"2025-04-08T15:49:17+00:00","description":"Reforma del edificio situado en Plaza la Merced, en el centro histórico de Málaga. Una disolución de límites para que la luz penetre.","breadcrumb":{"@id":"https:\/\/eduardorojasarquitectura.com\/en\/proyectos\/apartamento-plaza-de-la-merced\/#breadcrumb"},"inLanguage":"en-US","potentialAction":[{"@type":"ReadAction","target":["https:\/\/eduardorojasarquitectura.com\/en\/proyectos\/apartamento-plaza-de-la-merced\/"]}]},{"@type":"ImageObject","inLanguage":"en-US","@id":"https:\/\/eduardorojasarquitectura.com\/en\/proyectos\/apartamento-plaza-de-la-merced\/#primaryimage","url":"https:\/\/eduardorojasarquitectura.com\/wp-content\/uploads\/2021\/01\/Portada-merced.png","contentUrl":"https:\/\/eduardorojasarquitectura.com\/wp-content\/uploads\/2021\/01\/Portada-merced.png","width":800,"height":1200},{"@type":"BreadcrumbList","@id":"https:\/\/eduardorojasarquitectura.com\/en\/proyectos\/apartamento-plaza-de-la-merced\/#breadcrumb","itemListElement":[{"@type":"ListItem","position":1,"name":"Portada","item":"https:\/\/eduardorojasarquitectura.com\/en\/"},{"@type":"ListItem","position":2,"name":"Apartments at Plaza de la Merced, 2020"}]},{"@type":"WebSite","@id":"https:\/\/eduardorojasarquitectura.com\/en\/#website","url":"https:\/\/eduardorojasarquitectura.com\/en\/","name":"Eduardo Rojas Arquitectura","description":"Eduardo Rojas Dr. Arquitecto - Estudio Rojas - Eduardo Rojas Moyano","potentialAction":[{"@type":"SearchAction","target":{"@type":"EntryPoint","urlTemplate":"https:\/\/eduardorojasarquitectura.com\/en\/?s={search_term_string}"},"query-input":{"@type":"PropertyValueSpecification","valueRequired":true,"valueName":"search_term_string"}}],"inLanguage":"en-US"}]}</script>
<!-- / Yoast SEO plugin. -->

Reforma del edificio situado en Plaza la Merced, en el centro histórico de Málaga. Una disolución de límites para que la luz penetre.
