{"id":4181,"date":"2021-01-13T19:25:08","date_gmt":"2021-01-13T19:25:08","guid":{"rendered":"https:\/\/eduardorojasarquitectura.com\/proyectos\/casa-sedella-2004\/"},"modified":"2024-11-01T18:10:04","modified_gmt":"2024-11-01T18:10:04","slug":"casa-sedella-2004","status":"publish","type":"proyectos","link":"https:\/\/eduardorojasarquitectura.com\/en\/proyectos\/casa-sedella-2004\/","title":{"rendered":"Sedella House, 2004"},"content":{"rendered":"<p>The proposal was to turn the roof into a space integrated with the landscape, an additional room, a lookout point. A gathering place under a pergola made from locally sourced wood, commonly used for fences in the area. The house connects the kitchen, living room, and the owner&#8217;s atelier into a single, fluid space. The living room\u2019s sliding door acts as a large frame that captures the mountains and the sea. The overhang is supported by tension cables, avoiding pillars that would obstruct the views. A floor-to-ceiling window in the painter\u2019s studio offers an uninterrupted view of the beautiful landscape.<\/p>\n","protected":false},"featured_media":2133,"parent":0,"template":"","proyectos_type":[26],"class_list":["post-4181","proyectos","type-proyectos","status-publish","has-post-thumbnail","hentry","proyectos_type-vivienda-unifamiliar-en"],"yoast_head":"<!-- This site is optimized with the Yoast SEO plugin v27.5 - https:\/\/yoast.com\/product\/yoast-seo-wordpress\/ -->\n<title>Sedella House, 2004 - Eduardo Rojas Arquitectura<\/title>\n<meta name=\"description\" content=\"Casa localizada en Sedella en la comarca de la Axarqu\u00eda, M\u00e1laga. Una vivienda dise\u00f1ada para observar el bello paisaje.\" \/>\n<meta name=\"robots\" content=\"index, follow, max-snippet:-1, max-image-preview:large, max-video-preview:-1\" \/>\n<link rel=\"canonical\" href=\"https:\/\/eduardorojasarquitectura.com\/en\/proyectos\/casa-sedella-2004\/\" \/>\n<meta property=\"og:locale\" content=\"en_US\" \/>\n<meta property=\"og:type\" content=\"article\" \/>\n<meta property=\"og:title\" content=\"Sedella House, 2004 - Eduardo Rojas Arquitectura\" \/>\n<meta property=\"og:description\" content=\"Casa localizada en Sedella en la comarca de la Axarqu\u00eda, M\u00e1laga. Una vivienda dise\u00f1ada para observar el bello paisaje.\" \/>\n<meta property=\"og:url\" content=\"https:\/\/eduardorojasarquitectura.com\/en\/proyectos\/casa-sedella-2004\/\" \/>\n<meta property=\"og:site_name\" content=\"Eduardo Rojas Arquitectura\" \/>\n<meta property=\"article:modified_time\" content=\"2024-11-01T18:10:04+00:00\" \/>\n<meta property=\"og:image\" content=\"https:\/\/eduardorojasarquitectura.com\/wp-content\/uploads\/2021\/01\/casa-sedella-1.jpg\" \/>\n\t<meta property=\"og:image:width\" content=\"800\" \/>\n\t<meta property=\"og:image:height\" content=\"1200\" \/>\n\t<meta property=\"og:image:type\" content=\"image\/jpeg\" \/>\n<meta name=\"twitter:card\" content=\"summary_large_image\" \/>\n<meta name=\"twitter:label1\" content=\"Est. reading time\" \/>\n\t<meta name=\"twitter:data1\" content=\"1 minute\" \/>\n<script type=\"application\/ld+json\" class=\"yoast-schema-graph\">{\"@context\":\"https:\\\/\\\/schema.org\",\"@graph\":[{\"@type\":\"WebPage\",\"@id\":\"https:\\\/\\\/eduardorojasarquitectura.com\\\/en\\\/proyectos\\\/casa-sedella-2004\\\/\",\"url\":\"https:\\\/\\\/eduardorojasarquitectura.com\\\/en\\\/proyectos\\\/casa-sedella-2004\\\/\",\"name\":\"Sedella House, 2004 - Eduardo Rojas Arquitectura\",\"isPartOf\":{\"@id\":\"https:\\\/\\\/eduardorojasarquitectura.com\\\/en\\\/#website\"},\"primaryImageOfPage\":{\"@id\":\"https:\\\/\\\/eduardorojasarquitectura.com\\\/en\\\/proyectos\\\/casa-sedella-2004\\\/#primaryimage\"},\"image\":{\"@id\":\"https:\\\/\\\/eduardorojasarquitectura.com\\\/en\\\/proyectos\\\/casa-sedella-2004\\\/#primaryimage\"},\"thumbnailUrl\":\"https:\\\/\\\/eduardorojasarquitectura.com\\\/wp-content\\\/uploads\\\/2021\\\/01\\\/casa-sedella-1.jpg\",\"datePublished\":\"2021-01-13T19:25:08+00:00\",\"dateModified\":\"2024-11-01T18:10:04+00:00\",\"description\":\"Casa localizada en Sedella en la comarca de la Axarqu\u00eda, M\u00e1laga. Una vivienda dise\u00f1ada para observar el bello paisaje.\",\"breadcrumb\":{\"@id\":\"https:\\\/\\\/eduardorojasarquitectura.com\\\/en\\\/proyectos\\\/casa-sedella-2004\\\/#breadcrumb\"},\"inLanguage\":\"en-US\",\"potentialAction\":[{\"@type\":\"ReadAction\",\"target\":[\"https:\\\/\\\/eduardorojasarquitectura.com\\\/en\\\/proyectos\\\/casa-sedella-2004\\\/\"]}]},{\"@type\":\"ImageObject\",\"inLanguage\":\"en-US\",\"@id\":\"https:\\\/\\\/eduardorojasarquitectura.com\\\/en\\\/proyectos\\\/casa-sedella-2004\\\/#primaryimage\",\"url\":\"https:\\\/\\\/eduardorojasarquitectura.com\\\/wp-content\\\/uploads\\\/2021\\\/01\\\/casa-sedella-1.jpg\",\"contentUrl\":\"https:\\\/\\\/eduardorojasarquitectura.com\\\/wp-content\\\/uploads\\\/2021\\\/01\\\/casa-sedella-1.jpg\",\"width\":800,\"height\":1200},{\"@type\":\"BreadcrumbList\",\"@id\":\"https:\\\/\\\/eduardorojasarquitectura.com\\\/en\\\/proyectos\\\/casa-sedella-2004\\\/#breadcrumb\",\"itemListElement\":[{\"@type\":\"ListItem\",\"position\":1,\"name\":\"Portada\",\"item\":\"https:\\\/\\\/eduardorojasarquitectura.com\\\/en\\\/\"},{\"@type\":\"ListItem\",\"position\":2,\"name\":\"Sedella House, 2004\"}]},{\"@type\":\"WebSite\",\"@id\":\"https:\\\/\\\/eduardorojasarquitectura.com\\\/en\\\/#website\",\"url\":\"https:\\\/\\\/eduardorojasarquitectura.com\\\/en\\\/\",\"name\":\"Eduardo Rojas Arquitectura\",\"description\":\"Eduardo Rojas Dr. Arquitecto - Estudio Rojas - Eduardo Rojas Moyano\",\"potentialAction\":[{\"@type\":\"SearchAction\",\"target\":{\"@type\":\"EntryPoint\",\"urlTemplate\":\"https:\\\/\\\/eduardorojasarquitectura.com\\\/en\\\/?s={search_term_string}\"},\"query-input\":{\"@type\":\"PropertyValueSpecification\",\"valueRequired\":true,\"valueName\":\"search_term_string\"}}],\"inLanguage\":\"en-US\"}]}<\/script>\n<!-- \/ Yoast SEO plugin. -->","yoast_head_json":{"title":"Sedella House, 2004 - Eduardo Rojas Arquitectura","description":"Casa localizada en Sedella en la comarca de la Axarqu\u00eda, M\u00e1laga. Una vivienda dise\u00f1ada para observar el bello paisaje.","robots":{"index":"index","follow":"follow","max-snippet":"max-snippet:-1","max-image-preview":"max-image-preview:large","max-video-preview":"max-video-preview:-1"},"canonical":"https:\/\/eduardorojasarquitectura.com\/en\/proyectos\/casa-sedella-2004\/","og_locale":"en_US","og_type":"article","og_title":"Sedella House, 2004 - Eduardo Rojas Arquitectura","og_description":"Casa localizada en Sedella en la comarca de la Axarqu\u00eda, M\u00e1laga. Una vivienda dise\u00f1ada para observar el bello paisaje.","og_url":"https:\/\/eduardorojasarquitectura.com\/en\/proyectos\/casa-sedella-2004\/","og_site_name":"Eduardo Rojas Arquitectura","article_modified_time":"2024-11-01T18:10:04+00:00","og_image":[{"width":800,"height":1200,"url":"https:\/\/eduardorojasarquitectura.com\/wp-content\/uploads\/2021\/01\/casa-sedella-1.jpg","type":"image\/jpeg"}],"twitter_card":"summary_large_image","twitter_misc":{"Est. reading time":"1 minute"},"schema":{"@context":"https:\/\/schema.org","@graph":[{"@type":"WebPage","@id":"https:\/\/eduardorojasarquitectura.com\/en\/proyectos\/casa-sedella-2004\/","url":"https:\/\/eduardorojasarquitectura.com\/en\/proyectos\/casa-sedella-2004\/","name":"Sedella House, 2004 - Eduardo Rojas Arquitectura","isPartOf":{"@id":"https:\/\/eduardorojasarquitectura.com\/en\/#website"},"primaryImageOfPage":{"@id":"https:\/\/eduardorojasarquitectura.com\/en\/proyectos\/casa-sedella-2004\/#primaryimage"},"image":{"@id":"https:\/\/eduardorojasarquitectura.com\/en\/proyectos\/casa-sedella-2004\/#primaryimage"},"thumbnailUrl":"https:\/\/eduardorojasarquitectura.com\/wp-content\/uploads\/2021\/01\/casa-sedella-1.jpg","datePublished":"2021-01-13T19:25:08+00:00","dateModified":"2024-11-01T18:10:04+00:00","description":"Casa localizada en Sedella en la comarca de la Axarqu\u00eda, M\u00e1laga. Una vivienda dise\u00f1ada para observar el bello paisaje.","breadcrumb":{"@id":"https:\/\/eduardorojasarquitectura.com\/en\/proyectos\/casa-sedella-2004\/#breadcrumb"},"inLanguage":"en-US","potentialAction":[{"@type":"ReadAction","target":["https:\/\/eduardorojasarquitectura.com\/en\/proyectos\/casa-sedella-2004\/"]}]},{"@type":"ImageObject","inLanguage":"en-US","@id":"https:\/\/eduardorojasarquitectura.com\/en\/proyectos\/casa-sedella-2004\/#primaryimage","url":"https:\/\/eduardorojasarquitectura.com\/wp-content\/uploads\/2021\/01\/casa-sedella-1.jpg","contentUrl":"https:\/\/eduardorojasarquitectura.com\/wp-content\/uploads\/2021\/01\/casa-sedella-1.jpg","width":800,"height":1200},{"@type":"BreadcrumbList","@id":"https:\/\/eduardorojasarquitectura.com\/en\/proyectos\/casa-sedella-2004\/#breadcrumb","itemListElement":[{"@type":"ListItem","position":1,"name":"Portada","item":"https:\/\/eduardorojasarquitectura.com\/en\/"},{"@type":"ListItem","position":2,"name":"Sedella House, 2004"}]},{"@type":"WebSite","@id":"https:\/\/eduardorojasarquitectura.com\/en\/#website","url":"https:\/\/eduardorojasarquitectura.com\/en\/","name":"Eduardo Rojas Arquitectura","description":"Eduardo Rojas Dr. Arquitecto - Estudio Rojas - Eduardo Rojas Moyano","potentialAction":[{"@type":"SearchAction","target":{"@type":"EntryPoint","urlTemplate":"https:\/\/eduardorojasarquitectura.com\/en\/?s={search_term_string}"},"query-input":{"@type":"PropertyValueSpecification","valueRequired":true,"valueName":"search_term_string"}}],"inLanguage":"en-US"}]}},"_links":{"self":[{"href":"https:\/\/eduardorojasarquitectura.com\/en\/wp-json\/wp\/v2\/proyectos\/4181","targetHints":{"allow":["GET"]}}],"collection":[{"href":"https:\/\/eduardorojasarquitectura.com\/en\/wp-json\/wp\/v2\/proyectos"}],"about":[{"href":"https:\/\/eduardorojasarquitectura.com\/en\/wp-json\/wp\/v2\/types\/proyectos"}],"wp:featuredmedia":[{"embeddable":true,"href":"https:\/\/eduardorojasarquitectura.com\/en\/wp-json\/wp\/v2\/media\/2133"}],"wp:attachment":[{"href":"https:\/\/eduardorojasarquitectura.com\/en\/wp-json\/wp\/v2\/media?parent=4181"}],"wp:term":[{"taxonomy":"proyectos_type","embeddable":true,"href":"https:\/\/eduardorojasarquitectura.com\/en\/wp-json\/wp\/v2\/proyectos_type?post=4181"}],"curies":[{"name":"wp","href":"https:\/\/api.w.org\/{rel}","templated":true}]}}

<!-- This site is optimized with the Yoast SEO plugin v27.5 - https://yoast.com/product/yoast-seo-wordpress/ -->
<title>Sedella House, 2004 - Eduardo Rojas Arquitectura</title>
<meta name="description" content="Casa localizada en Sedella en la comarca de la Axarquía, Málaga. Una vivienda diseñada para observar el bello paisaje." />
<meta name="robots" content="index, follow, max-snippet:-1, max-image-preview:large, max-video-preview:-1" />
<link rel="canonical" href="https://eduardorojasarquitectura.com/en/proyectos/casa-sedella-2004/" />
<meta property="og:locale" content="en_US" />
<meta property="og:type" content="article" />
<meta property="og:title" content="Sedella House, 2004 - Eduardo Rojas Arquitectura" />
<meta property="og:description" content="Casa localizada en Sedella en la comarca de la Axarquía, Málaga. Una vivienda diseñada para observar el bello paisaje." />
<meta property="og:url" content="https://eduardorojasarquitectura.com/en/proyectos/casa-sedella-2004/" />
<meta property="og:site_name" content="Eduardo Rojas Arquitectura" />
<meta property="article:modified_time" content="2024-11-01T18:10:04+00:00" />
<meta property="og:image" content="https://eduardorojasarquitectura.com/wp-content/uploads/2021/01/casa-sedella-1.jpg" />
	<meta property="og:image:width" content="800" />
	<meta property="og:image:height" content="1200" />
	<meta property="og:image:type" content="image/jpeg" />
<meta name="twitter:card" content="summary_large_image" />
<meta name="twitter:label1" content="Est. reading time" />
	<meta name="twitter:data1" content="1 minute" />
<script type="application/ld+json" class="yoast-schema-graph">{"@context":"https:\/\/schema.org","@graph":[{"@type":"WebPage","@id":"https:\/\/eduardorojasarquitectura.com\/en\/proyectos\/casa-sedella-2004\/","url":"https:\/\/eduardorojasarquitectura.com\/en\/proyectos\/casa-sedella-2004\/","name":"Sedella House, 2004 - Eduardo Rojas Arquitectura","isPartOf":{"@id":"https:\/\/eduardorojasarquitectura.com\/en\/#website"},"primaryImageOfPage":{"@id":"https:\/\/eduardorojasarquitectura.com\/en\/proyectos\/casa-sedella-2004\/#primaryimage"},"image":{"@id":"https:\/\/eduardorojasarquitectura.com\/en\/proyectos\/casa-sedella-2004\/#primaryimage"},"thumbnailUrl":"https:\/\/eduardorojasarquitectura.com\/wp-content\/uploads\/2021\/01\/casa-sedella-1.jpg","datePublished":"2021-01-13T19:25:08+00:00","dateModified":"2024-11-01T18:10:04+00:00","description":"Casa localizada en Sedella en la comarca de la Axarquía, Málaga. Una vivienda diseñada para observar el bello paisaje.","breadcrumb":{"@id":"https:\/\/eduardorojasarquitectura.com\/en\/proyectos\/casa-sedella-2004\/#breadcrumb"},"inLanguage":"en-US","potentialAction":[{"@type":"ReadAction","target":["https:\/\/eduardorojasarquitectura.com\/en\/proyectos\/casa-sedella-2004\/"]}]},{"@type":"ImageObject","inLanguage":"en-US","@id":"https:\/\/eduardorojasarquitectura.com\/en\/proyectos\/casa-sedella-2004\/#primaryimage","url":"https:\/\/eduardorojasarquitectura.com\/wp-content\/uploads\/2021\/01\/casa-sedella-1.jpg","contentUrl":"https:\/\/eduardorojasarquitectura.com\/wp-content\/uploads\/2021\/01\/casa-sedella-1.jpg","width":800,"height":1200},{"@type":"BreadcrumbList","@id":"https:\/\/eduardorojasarquitectura.com\/en\/proyectos\/casa-sedella-2004\/#breadcrumb","itemListElement":[{"@type":"ListItem","position":1,"name":"Portada","item":"https:\/\/eduardorojasarquitectura.com\/en\/"},{"@type":"ListItem","position":2,"name":"Sedella House, 2004"}]},{"@type":"WebSite","@id":"https:\/\/eduardorojasarquitectura.com\/en\/#website","url":"https:\/\/eduardorojasarquitectura.com\/en\/","name":"Eduardo Rojas Arquitectura","description":"Eduardo Rojas Dr. Arquitecto - Estudio Rojas - Eduardo Rojas Moyano","potentialAction":[{"@type":"SearchAction","target":{"@type":"EntryPoint","urlTemplate":"https:\/\/eduardorojasarquitectura.com\/en\/?s={search_term_string}"},"query-input":{"@type":"PropertyValueSpecification","valueRequired":true,"valueName":"search_term_string"}}],"inLanguage":"en-US"}]}</script>
<!-- / Yoast SEO plugin. -->

Casa localizada en Sedella en la comarca de la Axarquía, Málaga. Una vivienda diseñada para observar el bello paisaje.
